3*g - 3. Let w(h) = 5*a(h) + 3*v(h). List the prime factors of w(-4).
2, 503
Let i(c) be the third derivative of 7/30*c**5 + 8/3*c**3 + 0 - 1/120*c**6 - 43*c**2 + 0*c - 3/4*c**4. What are the prime factors of i(9)?
7, 37
Suppose 2*b - 118*o + 113*o = 51727, 2*o + 77629 = 3*b. List the prime factors of b.
3, 8627
Let s(x) = 4*x - 20. Let z be s(6). Suppose 5*h - 4*f + 573 + 732 = 0, -z*f - 1345 = 5*h. List the prime factors of h*(4 + (-84)/20).
53
Let i(l) = 342*l - 225. Let t be i(8). Let b = t + -1404. List the prime factors of b.
3, 41
Suppose -22*g + 73053 = -18*g - 5*n, 0 = g - n - 18264. What are the prime factors of g?
3, 6089
Let k(r) = r**3 - 5*r**2 + 5*r - 4. Let g be k(4). Let n = 3138 + -3136. Suppose v + 3*j - 64 = g, n*v + 5*j + 0*j = 123. What are the prime factors of v?
7
Suppose -5*b + 26 = 4*m, -6*b + 8*b = m. List the prime factors of (28/(-35) + b)*1520/6.
2, 19
Let r = -16038 + 17593. List the prime factors of r.
5, 311
List the prime factors of (-2151)/(-239)*((-2818)/6)/(-1).
3, 1409
Let z = 597 + -60. Suppose -2*q = -z - 85. What are the prime factors of q?
311
Suppose -7*b - 42818 - 9766 = 0. List the prime factors of (-7)/((-49)/2) + b/(-21).
2, 179
Suppose 23 = 5*z + 3. Let v(w) = 5*w**2 - 37*w - 33*w - 2 + 114*w - 42*w. What are the prime factors of v(z)?
2, 43
Suppose 10*h = -12*h - 198313 + 748687. List the prime factors of h.
3, 31, 269
Suppose h + 2893 = -n + 20774, -5*n = -5*h - 89395. List the prime factors of n.
2, 3, 5, 149
Suppose 5*i + 102*q - 105724 = 104*q, 0 = 5*i + 2*q - 105736. List the prime factors of i.
2, 97, 109
Suppose -44047 = -179*l + 176*l + 2*q, 0 = 5*l - 4*q - 73411. What are the prime factors of l?
14683
Let l = 11651 + -5888. List the prime factors of l.
3, 17, 113
Let w = 51 + -54. Let r be 2/(-4) + w/(-6) + -16. What are the prime factors of -4*4/r*82?
2, 41
Suppose -3029 - 11764 = -4*o + 3*h, -5*h + 18535 = 5*o. What are the prime factors of o?
2, 3, 617
Let t = -668 - -776. What are the prime factors of (t/180)/(1/405)?
3
Suppose 0 = -d + 3, 0 = 3*u + 3*d - 102 - 48. Suppose z - 235 + u = 0. What are the prime factors of z?
2, 47
Suppose 0 = 5*z + 15, -4*a - 9*z = -11*z - 103382. List the prime factors of a.
2, 7, 13, 71
Suppose -45441 - 16292 = -7*p. List the prime factors of p.
8819
Let l(w) = -2*w**3 - 10*w**2 - 12*w - 4. Let v be l(-7). Suppose i + 303 = 2*p - v, 0 = -p - 3*i + 286. What are the prime factors of p?
17
Let b(n) = -33*n - 6. Let m be b(-14). Suppose -569 = -5*j - 3*y, 4*j - m = -y - y. What are the prime factors of j?
5, 23
List the prime factors of 24/3 - 3348/2*(-10 - 21).
2, 25951
Suppose 7*g - 8657 + 124 = 0. Suppose 3*w = 4*s - g, 0*w = -2*w - 2. Suppose -31 + s = 7*l. What are the prime factors of l?
3, 13
Suppose 15*k - 7*k = -240. Let b = 39 + k. What are the prime factors of (-3)/(b/(-294))*(0 + 1)?
2, 7
Suppose 0 = 6*a - 69 - 105. Let w = -18 - -7. Let m = a + w. List the prime factors of m.
2, 3
Let h(x) = 250*x**2 + 38*x + 5. Let p be h(-2). Suppose 3*y - o = -2*o + 931, 3*y = -2*o + p. List the prime factors of y.
311
Let r be ((-8)/(-16))/((-2)/(-24)). Suppose 0 = -12*l - r*l + 1422. List the prime factors of l.
79
List the prime factors of 2/(-3) - (13028/(-3) - (-14 + 1)).
3, 13, 37
Let q(s) = 2*s**2 - 28*s + 162. Let t be q(-29). Suppose -10*n = -12*n + t. What are the prime factors of n?
2, 83
Let n(y) = -y + 1 + 52*y**2 + 0 - 2 + 25*y**2. Let s(v) = v**2 + 2*v - 25. Let o be s(-6). What are the prime factors of n(o)?
7, 11
Let d be (-2)/(-9) + (-4690)/126. Let v(a) = -53*a - 447. List the prime factors of v(d).
2, 757
Let l = 22 - -141. Let b(a) = -81*a - 1 - 91*a + l*a - a**2. What are the prime factors of b(-6)?
17
Let g(o) = o**3 + 15*o**2 - 39*o + 20. Let w = 456 - 469. What are the prime factors of g(w)?
5, 173
Let j be 15962/13 - 20/(-130). Suppose -4*o + j = -3*k, 604 = o + o - 4*k. Suppose 2*q + 4*c = -c + 138, -5*q + 5*c + o = 0. What are the prime factors of q?
2
Let o be (-6)/(-4)*-1*(-4)/3. Let s = 102 + o. Suppose 3*f + 13 = -l + s, 0 = -3*l + 2*f + 229. List the prime factors of l.
79
Let u = -570 + 574. Suppose 2*h = -3*k + 13, -4*k + 10 = -h - 0*h. Suppose 4*v - v - 264 = -i, 342 = u*v - h*i. What are the prime factors of v?
3, 29
Let a be (-2)/3*(8 - -7). Let t be ((-296)/a)/((-8)/(-40)). Suppose -5*y - 3*j + 471 - t = 0, 123 = 2*y - 5*j. What are the prime factors of y?
2
Suppose -4 = -6*r + 4*r, -3*h + 79951 = -4*r. List the prime factors of h.
11, 2423
Let j = -16435 - -19248. What are the prime factors of j?
29, 97
Let y(t) = -67*t + 2351. What are the prime factors of y(-11)?
2, 193
Let b be (44/6)/((-34)/(-357)). Suppose b*k + 15024 = 93*k. What are the prime factors of k?
3, 313
Let j = 10009 + 6579. What are the prime factors of j?
2, 11, 13, 29
Let r = -4950 + 17966. List the prime factors of r.
2, 1627
Let f(v) = -5*v**2 + 12*v + 13. Let t(n) = -6*n**2 + 12*n + 13. Let u(l) = -3*f(l) + 2*t(l). Suppose -47*z = 357 - 122. What are the prime factors of u(z)?
2, 61
Suppose -11*f + 5*f + 30 = 0. Suppose -23*s + 4 = -27*s, f*s - 4387 = -4*h. What are the prime factors of h?
2, 3, 61
Suppose 181193 = 49*j - 1685903. List the prime factors of j.
2, 11, 433
Let p be 738/12*-2*(-2 + -5). Let d = -22 + p. List the prime factors of d.
839
Suppose 2*v - 4 = -46. Let f = v - -24. Suppose 3*s + 35 = 7*s + 3*j, -5*j = f*s - 29. What are the prime factors of s?
2
Suppose -16 = 2*i + 4*z, 11*i - 6*i + 2*z = -8. Let s = i - -78. List the prime factors of s.
2, 3, 13
Let f = 1920 + 35036. What are the prime factors of f?
2, 9239
Let i be 128/(-6) + 1/3. Let w be 489/21 + 6/i. Let l = w - -12. List the prime factors of l.
5, 7
Let m(q) = 49*q + 14. Let w be (-6)/(-4 + (-18)/(-4)). Let z be (15/(-12))/(-5) - 33/w. List the prime factors of m(z).
7, 23
Suppose 2*p - 14902 = -v, 11*v = -12*v + 22*v. List the prime factors of p.
7451
Let w = -1751 - -28600. What are the prime factors of w?
26849
Suppose 0*u = u - 310. Let l = -1016 - -1025. Suppose -u = -p - l*p. What are the prime factors of p?
31
Suppose -2*q - 371 = -7*q + v, -5*v = 4*q - 320. Let u = 283 - q. What are the prime factors of u?
2, 13
Let v(u) = -u**3 - 2*u**2 + 8*u - 2. Let y be v(-4). List the prime factors of y/(-3)*11/(66/2052).
2, 3, 19
Let d = 30 + -37. Let s be -4*((-12)/14)/(4/d). List the prime factors of (-973)/(-13) - s/39.
3, 5
Let l(b) be the third derivative of b**4/8 - 11*b**3/3 - 28*b**2. Let o be l(9). Suppose o*r - 13*r = -816. List the prime factors of r.
2, 3, 17
Suppose a + 3*u = 66, -2*a = 4*u - 107 - 31. Let l(r) = -r**3 + 18*r**2 + 107*r + 59. Let h be l(22). Suppose -4*k + h = -a. List the prime factors of k.
2, 3, 23
Let q(d) = 4*d**2 + 5 - 2*d**3 - 2*d**2 + d + 2*d**2 - 3*d**2. Let h be q(-3). Suppose -4*b + 6*g + h = g, -g = -5*b + 97. What are the prime factors of b?
2, 5
Let f be (-14 + 6)/((-4)/2). Suppose -p = -f*z - 20, -10 = -5*p - 3*z + 5*z. Suppose -3*i = -p*i - 144. What are the prime factors of i?
2, 3
Let j = -17158 + 25910. List the prime factors of j.
2, 547
Let z = 53 - 29. Suppose 20*q - 20 = z*q. List the prime factors of -1*q/(-10) + (-714)/(-4).
2, 89
Suppose 2*j + 0*j = 4*j. Suppose j = -5*y + p + 1446, 5*y + p - 1454 = -0*y. What are the prime factors of y?
2, 5, 29
List the prime factors of 11/22*14138 - 8.
23, 307
Suppose 7549 = 5*s + m, -49*s + 47*s + 3*m = -3040. List the prime factors of s.
1511
Suppose -52 = -18*h - 16. Suppose -2*f + 3*f - h*l = 451, 5*l + 1356 = 3*f. List the prime factors of f.
457
Let j(q) = -6 + q**3 + 4*q**2 - q**3 + 0*q**3 + q**3. Let c be j(-3). Suppose -2*v = -a + c*v - 1, -3*a = -5*v - 47. List the prime factors of a.
2, 3
Suppose -9*a + 4*q = -7*a - 20, 0 = -5*a - q + 61. Suppose a*v - 4920 = 2*v. What are the prime factors of v?
2, 3, 41
Suppose 269 - 263 = -2*i, -y - 46 = -4*i. Let r(l) = 37*l - 2. Let k be r(-3). Let m = y - k. List the prime factors of m.
5, 11
Suppose 12*f - 8*f = 4*t - 1212, f = -t + 313. Let n = -210 + t. List the prime factors of n.
2, 7
Let v(x) be the first derivative of -x**2 - 11*x + 14. Let w be v(-7). What are the prime factors of (-208)/39*w/(-2)?
2
Suppose g + 1 = -0. Let i(j) = -22*j**3 + j. Let b be i(g). Suppose -b*a + 195 = -18*a. List the prime factors of a